{"id":919,"date":"2023-10-07T15:48:37","date_gmt":"2023-10-07T14:48:37","guid":{"rendered":"http:\/\/subdomein2.kemperstichting.nl\/?page_id=919"},"modified":"2023-11-20T23:45:17","modified_gmt":"2023-11-20T22:45:17","slug":"clubs-unesco","status":"publish","type":"page","link":"https:\/\/subdomein2.kemperstichting.nl\/?page_id=919&lang=fr","title":{"rendered":"Clubs Unesco"},"content":{"rendered":"<p><img loading=\"lazy\" decoding=\"async\" class=\"alignnone size-medium wp-image-242 aligncenter\" src=\"http:\/\/subdomein2.kemperstichting.nl\/wp-content\/uploads\/2017\/12\/logo-CRE-300x296.jpg\" alt=\"\" width=\"300\" height=\"296\" srcset=\"https:\/\/subdomein2.kemperstichting.nl\/wp-content\/uploads\/2017\/12\/logo-CRE-300x296.jpg 300w, https:\/\/subdomein2.kemperstichting.nl\/wp-content\/uploads\/2017\/12\/logo-CRE-304x300.jpg 304w, https:\/\/subdomein2.kemperstichting.nl\/wp-content\/uploads\/2017\/12\/logo-CRE.jpg 554w\" sizes=\"auto, (max-width: 300px) 100vw, 300px\" \/><\/p>\n<p>Les partenaires ex\u00e9cutifs les plus anciens de la Fondation Kemper sont les clubs UNESCO locaux charg\u00e9s de la gestion des CREs. Pour notre programme pour les sourds, nous collaborons \u00e9galement avec des associations de parents et amis de personnes sourdes. Dans cette forme de coop\u00e9ration, nous voyons la possibilit\u00e9 de r\u00e9aliser des progr\u00e8s effectifs. La r\u00e9alisation d&#8217;une \u00ab vie meilleure \u00bb gr\u00e2ce \u00e0 nos efforts d\u00e9pendra de ces partenaires locaux. Les membres des clubs UNESCO sont pour la plupart des jeunes qui promeuvent de mani\u00e8re d\u00e9sint\u00e9ress\u00e9e les objectifs de l&#8217;UNESCO et de l&#8217;ONU en g\u00e9n\u00e9ral. Ces clubs fonctionnent ind\u00e9pendamment de l&#8217;UNESCO.<\/p>\n<p>Un certain nombre de ces clubs UNESCO se sont engag\u00e9s \u00e0 g\u00e9rer un CRE dans leur village ou district afin de fournir une \u00e9ducation non formelle compl\u00e9mentaire et atteindre les objectifs de l&#8217;UNESCO.<\/p>\n<hr \/>\n<div class=\"post_title\">\n<h4 style=\"text-align: center;\"><strong>CENTRES DE RESSOURCES EDUCATIONNELLES (CRE)<br \/><\/strong><\/h4>\n<h4>\u00a0<\/h4>\n<h4>Une CRE est une salle des f\u00eates g\u00e9r\u00e9e par une association de jeunes d&#8217;un club UNESCO local. Diverses activit\u00e9s \u00e9ducatives et culturelles y sont organis\u00e9es. Il s&#8217;agit d&#8217;un complexe de b\u00e2timents modestes mais attrayants situ\u00e9s sur un site essentiellement cl\u00f4tur\u00e9 dans un village ou un quartier urbain oubli\u00e9.<\/h4>\n<h4><strong>\u00a0<\/strong><\/h4>\n<\/div>\n<div class=\"post_body\">\n<h4 style=\"text-align: center;\"><strong>Les origines des CRE<br \/><\/strong><\/h4>\n<p>Afin de r\u00e9pondre concr\u00e8tement \u00e0 l&#8217;appel en faveur de \u00ab l&#8217;\u00e9ducation pour tous \u00bb, Jan de Bosch Kemper a lanc\u00e9 en 1990 un projet original du Bureau r\u00e9gional de l&#8217;UNESCO pour l&#8217;\u00e9ducation en Afrique : la \u00ab Caravane de l&#8217;alphab\u00e9tisation \u00bb. L&#8217;objectif \u00e9tait de promouvoir la distribution de mat\u00e9riel p\u00e9dagogique et de lecture.<\/p>\n<p>L\u00e0 o\u00f9 la caravane est pass\u00e9e, une exposition interactive de mat\u00e9riels d&#8217;enseignement et de lecture a \u00e9t\u00e9 organis\u00e9e et la premi\u00e8re pierre d&#8217;un CRE a \u00e9galement \u00e9t\u00e9 pos\u00e9e. Ici, les clubs UNESCO ont entrepris des activit\u00e9s d&#8217;alphab\u00e9tisation. Actuellement, ces clubs sont impliqu\u00e9s dans la mise en \u0153uvre de programmes KS et ces CRE se d\u00e9veloppent en tant que centres culturels proposant une multitude d\u2019activit\u00e9s d\u2019int\u00e9r\u00eat local.<\/p>\n<p style=\"text-align: center;\"><strong>Auberges d&#8217;apprentissage au S\u00e9n\u00e9gal<\/strong><img decoding=\"async\" src=\"http:\/\/www.kemperstichting.nl\/img\/kaartsenegal.jpg\" width=\"520\" \/><\/p>\n<div class=\"post\">\n<div class=\"post_body\">\n<h4 id=\"Leerherbergen in Senegal\">\u00a0<\/h4>\n<table>\n<tbody>\n<tr valign=\"TOP\">\n<td>\n<p style=\"text-align: center;\"><strong>CRE en fonctionnement<br \/><\/strong><\/p>\n<p style=\"text-align: center;\"><a href=\"https:\/\/subdomein2.kemperstichting.nl\/?page_id=751\">Ch\u00e9rif Lo<\/a><\/p>\n<p style=\"text-align: center;\"><a href=\"https:\/\/subdomein2.kemperstichting.nl\/?page_id=755\">Diar\u00e8re<\/a><\/p>\n<p style=\"text-align: center;\"><a href=\"https:\/\/subdomein2.kemperstichting.nl\/?page_id=759\">Keur Madiabel<\/a><\/p>\n<p style=\"text-align: center;\"><a href=\"https:\/\/subdomein2.kemperstichting.nl\/?page_id=762\">Malika<\/a><\/p>\n<p style=\"text-align: center;\"><a href=\"https:\/\/subdomein2.kemperstichting.nl\/?page_id=764\">Ndondol<\/a><\/p>\n<p style=\"text-align: center;\"><a href=\"https:\/\/subdomein2.kemperstichting.nl\/?page_id=768\">Thionk Essyl<\/a><\/p>\n<\/td>\n<td>\n<div class=\"post\">\n<div class=\"post_body\">\n<p style=\"text-align: center;\"><strong>CRE en veille<br \/><\/strong><\/p>\n<p style=\"text-align: center;\"><a href=\"https:\/\/subdomein2.kemperstichting.nl\/?page_id=748\">Bamba Thial\u00e8ne<\/a><\/p>\n<p style=\"text-align: center;\">Bakoum<\/p>\n<p style=\"text-align: center;\"><a href=\"https:\/\/subdomein2.kemperstichting.nl\/?page_id=753\">Dabo<\/a><\/p>\n<p style=\"text-align: center;\"><a href=\"https:\/\/subdomein2.kemperstichting.nl\/?page_id=757\">Hor\u00e9fond\u00e9<\/a><\/p>\n<\/div>\n<\/div>\n<div class=\"post\">\n<div class=\"post_body\">\n<p style=\"text-align: center;\"><a href=\"https:\/\/subdomein2.kemperstichting.nl\/?page_id=766\">Pare Ciss\u00e9<\/a><\/p>\n<\/div>\n<\/div>\n<\/td>\n<\/tr>\n<\/tbody>\n<\/table>\n<\/div>\n<\/div>\n<\/div>\n\n\n<p><\/p>\n","protected":false},"excerpt":{"rendered":"<p>Les partenaires ex\u00e9cutifs les plus anciens de la Fondation Kemper sont les clubs UNESCO locaux charg\u00e9s de la gestion des CREs. Pour notre programme pour les sourds, nous collaborons \u00e9galement avec des associations de parents et amis de personnes sourdes. &hellip; <a href=\"https:\/\/subdomein2.kemperstichting.nl\/?page_id=919&#038;lang=fr\">Continue reading <span class=\"meta-nav\">&rarr;<\/span><\/a><\/p>\n","protected":false},"author":3,"featured_media":0,"parent":944,"menu_order":0,"comment_status":"closed","ping_status":"closed","template":"","meta":{"footnotes":""},"class_list":["post-919","page","type-page","status-publish","hentry"],"_links":{"self":[{"href":"https:\/\/subdomein2.kemperstichting.nl\/index.php?rest_route=\/wp\/v2\/pages\/919","targetHints":{"allow":["GET"]}}],"collection":[{"href":"https:\/\/subdomein2.kemperstichting.nl\/index.php?rest_route=\/wp\/v2\/pages"}],"about":[{"href":"https:\/\/subdomein2.kemperstichting.nl\/index.php?rest_route=\/wp\/v2\/types\/page"}],"author":[{"embeddable":true,"href":"https:\/\/subdomein2.kemperstichting.nl\/index.php?rest_route=\/wp\/v2\/users\/3"}],"replies":[{"embeddable":true,"href":"https:\/\/subdomein2.kemperstichting.nl\/index.php?rest_route=%2Fwp%2Fv2%2Fcomments&post=919"}],"version-history":[{"count":10,"href":"https:\/\/subdomein2.kemperstichting.nl\/index.php?rest_route=\/wp\/v2\/pages\/919\/revisions"}],"predecessor-version":[{"id":1239,"href":"https:\/\/subdomein2.kemperstichting.nl\/index.php?rest_route=\/wp\/v2\/pages\/919\/revisions\/1239"}],"up":[{"embeddable":true,"href":"https:\/\/subdomein2.kemperstichting.nl\/index.php?rest_route=\/wp\/v2\/pages\/944"}],"wp:attachment":[{"href":"https:\/\/subdomein2.kemperstichting.nl\/index.php?rest_route=%2Fwp%2Fv2%2Fmedia&parent=919"}],"curies":[{"name":"wp","href":"https:\/\/api.w.org\/{rel}","templated":true}]}}