{"id":880,"date":"2023-10-07T14:41:42","date_gmt":"2023-10-07T13:41:42","guid":{"rendered":"http:\/\/subdomein2.kemperstichting.nl\/?page_id=880"},"modified":"2023-10-08T18:12:39","modified_gmt":"2023-10-08T17:12:39","slug":"bienvenue","status":"publish","type":"page","link":"http:\/\/subdomein2.kemperstichting.nl\/?page_id=880&lang=fr","title":{"rendered":"Bienvenue !"},"content":{"rendered":"<p>La Fondation Kemper est une organisation d\u2019utilit\u00e9 publique \u00e9tablie aux Pays-Bas depuis 1993, qui a pour but de promouvoir les activit\u00e9s de d\u00e9veloppement \u00e0 la base au Sahel, notamment au S\u00e9n\u00e9gal. Les programmes sont orient\u00e9s vers des projets \u00e0 petite \u00e9chelle qui r\u00e9pondent pleinement aux besoins et exigences formul\u00e9s localement en Afrique.<\/p>\n<p><strong>Notre projet principal : l&#8217;int\u00e9gration et l&#8217;alphab\u00e9tisation fonctionnelle des sourds<\/strong><\/p>\n<p><iframe loading=\"lazy\" title=\"Kemper stichting - Alfabetisering &amp; integratie van doven \/ Alphab\u00e9tisation &amp; int\u00e9gration des sourds\" width=\"584\" height=\"329\" src=\"https:\/\/www.youtube.com\/embed\/dIfHrz7G-QM?feature=oembed\" frameborder=\"0\" allow=\"accelerometer; autoplay; clipboard-write; encrypted-media; gyroscope; picture-in-picture; web-share\" referrerpolicy=\"strict-origin-when-cross-origin\" allowfullscreen><\/iframe><\/p>\n<p>Les enfants sourds du Sahel n\u2019ont g\u00e9n\u00e9ralement aucune chance. La Fondation Kemper s&#8217;emploie depuis des ann\u00e9es \u00e0 aider les enfants sourds \u00e0 sortir de leur isolement, en collaboration avec les populations locales impliqu\u00e9es. Nous dispensons des cours de langue des signes, de lecture, d&#8217;\u00e9criture et de calcul. Une attention particuli\u00e8re est \u00e9galement port\u00e9e au d\u00e9veloppement culturel et \u00e0 l&#8217;int\u00e9gration des personnes sourdes dans la soci\u00e9t\u00e9. Notre programme pour les sourds a d\u00e9j\u00e0 touch\u00e9 plus de 700 enfants avec une m\u00e9thode originale qui nous est propre, dans une trentaine de Foyers (petits centres d\u2019apprentissage pour sourds) r\u00e9partis \u00e0 travers le S\u00e9n\u00e9gal et g\u00e9r\u00e9s par des parents des enfants concern\u00e9s. Depuis 2003, nous avons form\u00e9 environ 90 moniteurs de sourds. Il existe actuellement davantage de demandes pour la cr\u00e9ation de ces centres. Nous souhaitons r\u00e9pondre \u00e0 ces demandes. Aidez-nous !<\/p>\n<p><strong>Devenez sponsor<\/strong><\/p>\n<p>Vous pouvez d\u00e9signer le projet auquel vous souhaitez faire un don. La Fondation Kemper justifiera pleinement les d\u00e9penses de votre don et garantira que 100 % de votre don sera d\u00e9pens\u00e9 directement sur le projet d\u00e9sign\u00e9. Dans la section <a href=\"http:\/\/subdomein2.kemperstichting.nl\/?page_id=566&amp;lang=fr\"><strong>DONATIONS<\/strong><\/a>, vous pouvez voir les projets pour lesquels nous demandons une contribution.<\/p>\n<blockquote>\n<p style=\"text-align: center;\"><span class=\"Y2IQFc\" lang=\"fr\"><strong>Partagez ce site avec vos contacts qui pourraient \u00eatre int\u00e9ress\u00e9s.<br \/>\n<\/strong><\/span><span class=\"Y2IQFc\" lang=\"fr\">Pour consacrer nos ressources \u00e0 notre programme, <\/span><span class=\"Y2IQFc\" lang=\"fr\">nous pr\u00e9f\u00e9rons<br \/>\nle bouche \u00e0 oreille aux grandes campagnes publicitaires.<\/span><\/p>\n<p><span class=\"Y2IQFc\" lang=\"fr\"><strong>\u00a0<\/strong><\/span><\/p>\n<p style=\"text-align: center;\">\n<\/blockquote>\n","protected":false},"excerpt":{"rendered":"<p>La Fondation Kemper est une organisation d\u2019utilit\u00e9 publique \u00e9tablie aux Pays-Bas depuis 1993, qui a pour but de promouvoir les activit\u00e9s de d\u00e9veloppement \u00e0 la base au Sahel, notamment au S\u00e9n\u00e9gal. Les programmes sont orient\u00e9s vers des projets \u00e0 petite &hellip; <a href=\"http:\/\/subdomein2.kemperstichting.nl\/?page_id=880&#038;lang=fr\">Continue reading <span class=\"meta-nav\">&rarr;<\/span><\/a><\/p>\n","protected":false},"author":3,"featured_media":0,"parent":0,"menu_order":0,"comment_status":"closed","ping_status":"closed","template":"","meta":{"footnotes":""},"class_list":["post-880","page","type-page","status-publish","hentry"],"_links":{"self":[{"href":"https:\/\/subdomein2.kemperstichting.nl\/index.php?rest_route=\/wp\/v2\/pages\/880","targetHints":{"allow":["GET"]}}],"collection":[{"href":"https:\/\/subdomein2.kemperstichting.nl\/index.php?rest_route=\/wp\/v2\/pages"}],"about":[{"href":"https:\/\/subdomein2.kemperstichting.nl\/index.php?rest_route=\/wp\/v2\/types\/page"}],"author":[{"embeddable":true,"href":"https:\/\/subdomein2.kemperstichting.nl\/index.php?rest_route=\/wp\/v2\/users\/3"}],"replies":[{"embeddable":true,"href":"https:\/\/subdomein2.kemperstichting.nl\/index.php?rest_route=%2Fwp%2Fv2%2Fcomments&post=880"}],"version-history":[{"count":6,"href":"https:\/\/subdomein2.kemperstichting.nl\/index.php?rest_route=\/wp\/v2\/pages\/880\/revisions"}],"predecessor-version":[{"id":1190,"href":"https:\/\/subdomein2.kemperstichting.nl\/index.php?rest_route=\/wp\/v2\/pages\/880\/revisions\/1190"}],"wp:attachment":[{"href":"https:\/\/subdomein2.kemperstichting.nl\/index.php?rest_route=%2Fwp%2Fv2%2Fmedia&parent=880"}],"curies":[{"name":"wp","href":"https:\/\/api.w.org\/{rel}","templated":true}]}}